{"id":53109,"date":"2016-04-11T15:29:41","date_gmt":"2016-04-11T15:29:41","guid":{"rendered":"https:\/\/museuciencies.cat\/el-nat\/quienes-somos\/espacio-de-transparencia\/participacion\/estudis-de-public\/"},"modified":"2023-07-27T12:40:11","modified_gmt":"2023-07-27T10:40:11","slug":"estudios-de-publico","status":"publish","type":"page","link":"https:\/\/museuciencies.cat\/es\/el-nat\/quienes-somos\/espacio-de-transparencia\/estudios-de-publico\/","title":{"rendered":"Estudios de p\u00fablico"},"content":{"rendered":"<p>Es prioridad del Museu de Ci\u00e8ncies Naturals de Barcelona el conocimiento y la opini\u00f3n de sus p\u00fablicos.\u00a0Esta informaci\u00f3n es valiosa para ayudar a perfilar una programaci\u00f3n y unos servicios que tengan en cuenta tambi\u00e9n los intereses de los usuarios.<\/p>\n<p>En este espacio encontrar\u00e1 los estudios de p\u00fablico que se realizan en el Museu de Ci\u00e8ncies Naturals en el Parc del F\u00f2rum y el Jard\u00ed Bot\u00e0nic en el Parc de Montju\u00efc.<\/p>\n<h3>Museu de Ci\u00e8ncies Naturals de Barcelona<\/h3>\n<ul>\n<li><a href=\"https:\/\/museuciencies.cat\/wp-content\/uploads\/2023\/07\/1519_03_MCNB_Ciencies-Naturals_Informe.pdf\" target=\"_blank\" rel=\"noopener\">Explotaci\u00f3n estad\u00edstica de los datos de los visitantes del Museu de Ci\u00e8ncies Naturals de Barcelona, Parc del F\u00f3rum, a\u00f1o2022<\/a><\/li>\n<li><a href=\"https:\/\/museuciencies.cat\/wp-content\/uploads\/2022\/05\/2021_MUSEU.pdf\" target=\"_blank\" rel=\"noopener\">Explotaci\u00f3n estad\u00edstica de los datos de los visitantes del Museu de Ci\u00e8ncies Naturals de Barcelona, Parc del F\u00f3rum, a\u00f1o2021.<\/a><\/li>\n<li><a href=\"https:\/\/museuciencies.cat\/wp-content\/uploads\/2021\/07\/2020_MUSEU.pdf\" target=\"_blank\" rel=\"noopener\">Explotaci\u00f3n estad\u00edstica de los datos de los visitantes del Museu de Ci\u00e8ncies Naturals de Barcelona, Parc del F\u00f3rum, a\u00f1o2020.<\/a><\/li>\n<li><a href=\"https:\/\/museuciencies.cat\/wp-content\/uploads\/2020\/11\/201116-Enquesta-desconfinament-Museu-de-Ci\u00e8ncies-Naturales-de-Barcelona-1.pdf\" target=\"_blank\" rel=\"noopener noreferrer\">An\u00e1lisis de la encuesta de desconfinamiento del Museu de Ci\u00e8ncies Naturals, mayo-junio 2020<\/a><\/li>\n<li><a href=\"https:\/\/museuciencies.cat\/wp-content\/uploads\/2021\/02\/2019_MUSEU_euromus.pdf\" target=\"_blank\" rel=\"noopener\">Explotaci\u00f3n estad\u00edstica de los datos de los visitantes del Museu de Ci\u00e8ncies Naturals de Barcelona, Parc del F\u00f3rum, a\u00f1o 2019<\/a><\/li>\n<li><a href=\"https:\/\/museuciencies.cat\/wp-content\/uploads\/2020\/02\/2018_MUSEU_informe.pdf\" target=\"_blank\" rel=\"noopener noreferrer\">Explotaci\u00f3n estad\u00edstica de los datos de los visitantes del Museu de Ci\u00e8ncies Naturals de Barcelona, Parc del F\u00f3rum, a\u00f1o 2018<\/a><\/li>\n<li><a href=\"https:\/\/museuciencies.cat\/wp-content\/uploads\/2018\/08\/2017_MUSEU_informe.pdf\" target=\"_blank\" rel=\"noopener noreferrer\">Explotaci\u00f3n estad\u00edstica de los datos de los visitantes del Museu de Ci\u00e8ncies Naturals de Barcelona, Parc del F\u00f3rum,\u00a0a\u00f1o 2017<\/a><\/li>\n<li><a href=\"https:\/\/museuciencies.cat\/wp-content\/uploads\/2016\/04\/2016_MuseuBlau_Informe_1.pdf\" target=\"_blank\" rel=\"noopener noreferrer\">Explotaci\u00f3n estad\u00edstica de los datos de los visitantes del Museu Blau,\u00a0a\u00f1o 2016<\/a><\/li>\n<li><a href=\"https:\/\/museuciencies.cat\/wp-content\/uploads\/2015_MUSEU_BLAU.pdf\" target=\"_blank\" rel=\"noopener noreferrer\">Explotaci\u00f3n estad\u00edstica de los datos de los visitantes del Museu Blau,\u00a0a\u00f1o 2015<\/a><\/li>\n<li><a href=\"https:\/\/museuciencies.cat\/wp-content\/uploads\/2014_enquesta_visitants_museu_blau.pdf\">Expectativa y opini\u00f3n de los visitantes del Museu Blau, a\u00f1o 2014<\/a><\/li>\n<li><a href=\"https:\/\/museuciencies.cat\/wp-content\/uploads\/2014_enquesta_visitants_estrangers_museu_blau.pdf\">Encuesta a los visitantes extranjeros del Museu Blau, agosto 2014<\/a><\/li>\n<li><a href=\"https:\/\/museuciencies.cat\/wp-content\/uploads\/2014_enquesta_museu_blau.pdf\">Explotaci\u00f3n estad\u00edstica de los datos de los visitantes del Museu Blau, a\u00f1o 2014 <\/a><\/li>\n<li><a href=\"https:\/\/museuciencies.cat\/wp-content\/uploads\/2013_enquesta_visitants_estrangers_museu_blau.pdf\">Encuesta a los visitantes extranjeros del Museu Blau, agosto 2013<\/a><\/li>\n<li><a href=\"https:\/\/museuciencies.cat\/wp-content\/uploads\/2013_enquesta_museu_blau.pdf\">Explotaci\u00f3n estad\u00edstica de los datos de los visitantes del Museu de Ci\u00e8ncies Naturals &#8211; Museu Blau, enero\u2013octubre 2013<\/a><\/li>\n<li><a href=\"https:\/\/museuciencies.cat\/wp-content\/uploads\/2012_enquesta_museu_blau.pdf\">Explotaci\u00f3n estad\u00edstica de los datos de los visitantes del Museu de Ci\u00e8ncies Naturals &#8211; Museu Blau, enero\u2013octubre 2012<\/a><\/li>\n<\/ul>\n<p>&nbsp;<\/p>\n<h3>Jard\u00ed Bot\u00e0nic<\/h3>\n<ul>\n<li><a href=\"https:\/\/museuciencies.cat\/wp-content\/uploads\/2023\/07\/1519_02_MCNB_Jardi-Botanic_Informe.pdf\" target=\"_blank\" rel=\"noopener\">Explotaci\u00f3n estad\u00edstica de los datos de visitantes del Jard\u00ed Bot\u00e0nic, a\u00f1o 2022.<\/a><\/li>\n<li><a href=\"https:\/\/museuciencies.cat\/wp-content\/uploads\/2022\/05\/2021_JARDI.pdf\" target=\"_blank\" rel=\"noopener\">Explotaci\u00f3n estad\u00edstica de los datos de visitantes del Jard\u00ed Bot\u00e0nic, a\u00f1o2021.<\/a><\/li>\n<li><a href=\"https:\/\/museuciencies.cat\/wp-content\/uploads\/2021\/07\/2020_JARDI.pdf\" target=\"_blank\" rel=\"noopener\">Explotaci\u00f3n estad\u00edstica de los datos de visitantes del Jard\u00ed Bot\u00e0nic, a\u00f1o2020.<\/a><\/li>\n<li><a href=\"https:\/\/museuciencies.cat\/wp-content\/uploads\/2021\/02\/2019_MUSEU_euromus.pdf\" target=\"_blank\" rel=\"noopener noreferrer\">Explotaci\u00f3n estad\u00edstica de los datos de visitantes del Jard\u00ed Bot\u00e0nic, a\u00f1o 2019<\/a><\/li>\n<li><a href=\"https:\/\/museuciencies.cat\/wp-content\/uploads\/2020\/02\/2018_JARDI.pdf\" target=\"_blank\" rel=\"noopener noreferrer\">Explotaci\u00f3n estad\u00edstica de los datos de los visitantes del Jard\u00ed Bot\u00e0nic, a\u00f1o 2018.<\/a><\/li>\n<li><a href=\"https:\/\/museuciencies.cat\/wp-content\/uploads\/2018\/08\/2017_JARDI_BOTANIC_informe.pdf\" target=\"_blank\" rel=\"noopener noreferrer\">Explotaci\u00f3n estad\u00edstica de los datos de los visitantes del Jard\u00ed Bot\u00e0nic, a\u00f1o 2017<\/a><\/li>\n<li><a href=\"https:\/\/museuciencies.cat\/wp-content\/uploads\/2017\/07\/2016_Jard\u00edBot\u00e0nic_Informe_1.pdf\" target=\"_blank\" rel=\"noopener noreferrer\">Explotaci\u00f3n estad\u00edstica de los datos de los visitantes del Jard\u00ed Bot\u00e0nic, a\u00f1o 2016<\/a><\/li>\n<li><a href=\"https:\/\/museuciencies.cat\/wp-content\/uploads\/2015_JARDI_BOTANIC.pdf\" target=\"_blank\" rel=\"noopener noreferrer\">Explotaci\u00f3n estad\u00edstica de los datos de los visitantes del Jard\u00ed Bot\u00e0nic, a\u00f1o 2015<\/a><\/li>\n<li><a href=\"https:\/\/museuciencies.cat\/wp-content\/uploads\/2015_enquesta_plantat_primavera.pdf\">Encuesta del Planta&#8217;t primavera 2015<\/a><\/li>\n<li><a href=\"https:\/\/museuciencies.cat\/wp-content\/uploads\/2014_enquesta_visitants_estrangers_jardi_botanic.pdf\">Encuesta de los visitantes estranjeros del Jard\u00ed Bot\u00e0nic, agosto 2014<\/a><\/li>\n<li><a href=\"https:\/\/museuciencies.cat\/wp-content\/uploads\/2014_enquesta_plantat_tardor.pdf\">Encuesta del Planta&#8217;t oto\u00f1o 2014<\/a><\/li>\n<li><a href=\"https:\/\/museuciencies.cat\/wp-content\/uploads\/2014_enquesta_plantat_primavera.pdf\">Enquesta del Planta&#8217;t primavera 2014<\/a><\/li>\n<li><a href=\"https:\/\/museuciencies.cat\/wp-content\/uploads\/2014_enquesta_jardi_botanic.pdf\">Explotaci\u00f3n estad\u00edstica de los datos de los visitantes del Jard\u00ed Bot\u00e0nic, a\u00f1o 2014 <\/a><\/li>\n<li><a href=\"https:\/\/museuciencies.cat\/wp-content\/uploads\/2013_enquesta_visitants_estrangers_jardi_botanic.pdf\">Encuesta de los visitantes extranjeros del Jard\u00ed Bot\u00e0nic, agosto 2013<\/a><\/li>\n<li><a href=\"https:\/\/museuciencies.cat\/wp-content\/uploads\/2013_enquesta_jardi_botanic.pdf\">Explotaci\u00f3n estad\u00edstica de los datos de los visitantes del Museu de Ci\u00e8ncies Naturals \u2013 Jard\u00ed Bot\u00e0nic, enero\u2013octubre 2013<\/a><\/li>\n<li><a href=\"https:\/\/museuciencies.cat\/wp-content\/uploads\/2012_enquesta_jardi_botanic.pdf\">Explotaci\u00f3n estad\u00edstica de los datos de los visitantes del Museu de Ci\u00e8ncies Naturals \u2013 Jard\u00ed Bot\u00e0nic, enero\u2013octubre 2012<\/a><\/li>\n<\/ul>\n<h3>Estudios de no-p\u00fablicos:<\/h3>\n<ul>\n<li><a href=\"https:\/\/museuciencies.cat\/wp-content\/uploads\/2016_MCNB_no_public.pdf\" target=\"_blank\" rel=\"noopener noreferrer\">Estudio \u00d2mnibus de los no-p\u00fablicos del Museu de Ci\u00e8ncies Naturals de Barcelona &#8211; abril 2016<\/a><\/li>\n<\/ul>\n","protected":false},"excerpt":{"rendered":"<p>Es prioridad del Museu de Ci\u00e8ncies Naturals de Barcelona el conocimiento y la opini\u00f3n de sus p\u00fablicos.\u00a0Esta informaci\u00f3n es valiosa para ayudar a perfilar una programaci\u00f3n y unos servicios que tengan en cuenta tambi\u00e9n los intereses de los usuarios. En este espacio encontrar\u00e1 los estudios de p\u00fablico que se realizan en el Museu de Ci\u00e8ncies [&hellip;]<\/p>\n","protected":false},"author":2,"featured_media":0,"parent":52999,"menu_order":40,"comment_status":"closed","ping_status":"closed","template":"","meta":{"_acf_changed":false,"footnotes":""},"class_list":["post-53109","page","type-page","status-publish","hentry"],"acf":{"tambe_us_pot_interessar":"","img_cap":24548,"presenta_peu":false,"imatge_llistat":false,"nou_carrusel":false,"boto_de_link_o_mail":false,"arxius_adjunts":false,"links_associats":false,"presenta_fills":"no","activeu_alerta":false,"text_alerta":"","segona_part":""},"jetpack_sharing_enabled":true,"_links":{"self":[{"href":"https:\/\/museuciencies.cat\/es\/wp-json\/wp\/v2\/pages\/53109","targetHints":{"allow":["GET"]}}],"collection":[{"href":"https:\/\/museuciencies.cat\/es\/wp-json\/wp\/v2\/pages"}],"about":[{"href":"https:\/\/museuciencies.cat\/es\/wp-json\/wp\/v2\/types\/page"}],"author":[{"embeddable":true,"href":"https:\/\/museuciencies.cat\/es\/wp-json\/wp\/v2\/users\/2"}],"replies":[{"embeddable":true,"href":"https:\/\/museuciencies.cat\/es\/wp-json\/wp\/v2\/comments?post=53109"}],"version-history":[{"count":0,"href":"https:\/\/museuciencies.cat\/es\/wp-json\/wp\/v2\/pages\/53109\/revisions"}],"up":[{"embeddable":true,"href":"https:\/\/museuciencies.cat\/es\/wp-json\/wp\/v2\/pages\/52999"}],"wp:attachment":[{"href":"https:\/\/museuciencies.cat\/es\/wp-json\/wp\/v2\/media?parent=53109"}],"curies":[{"name":"wp","href":"https:\/\/api.w.org\/{rel}","templated":true}]}}

Estudios de público

<p>Es prioridad del Museu de Ciències Naturals de Barcelona el conocimiento y la opinión de sus públicos. Esta información es valiosa para ayudar a perfilar una programación y unos servicios que tengan en cuenta también los intereses de los usuarios.</p>
<p>En este espacio encontrará los estudios de público que se realizan en el Museu de Ciències Naturals en el Parc del Fòrum y el Jardí Botànic en el Parc de Montjuïc.</p>
<h3>Museu de Ciències Naturals de Barcelona</h3>
<ul>
<li><a href="https://museuciencies.cat/wp-content/uploads/2023/07/1519_03_MCNB_Ciencies-Naturals_Informe.pdf" target="_blank" rel="noopener">Explotación estadística de los datos de los visitantes del Museu de Ciències Naturals de Barcelona, Parc del Fórum, año2022</a></li>
<li><a href="https://museuciencies.cat/wp-content/uploads/2022/05/2021_MUSEU.pdf" target="_blank" rel="noopener">Explotación estadística de los datos de los visitantes del Museu de Ciències Naturals de Barcelona, Parc del Fórum, año2021.</a></li>
<li><a href="https://museuciencies.cat/wp-content/uploads/2021/07/2020_MUSEU.pdf" target="_blank" rel="noopener">Explotación estadística de los datos de los visitantes del Museu de Ciències Naturals de Barcelona, Parc del Fórum, año2020.</a></li>
<li><a href="https://museuciencies.cat/wp-content/uploads/2020/11/201116-Enquesta-desconfinament-Museu-de-Ciències-Naturales-de-Barcelona-1.pdf" target="_blank" rel="noopener noreferrer">Análisis de la encuesta de desconfinamiento del Museu de Ciències Naturals, mayo-junio 2020</a></li>
<li><a href="https://museuciencies.cat/wp-content/uploads/2021/02/2019_MUSEU_euromus.pdf" target="_blank" rel="noopener">Explotación estadística de los datos de los visitantes del Museu de Ciències Naturals de Barcelona, Parc del Fórum, año 2019</a></li>
<li><a href="https://museuciencies.cat/wp-content/uploads/2020/02/2018_MUSEU_informe.pdf" target="_blank" rel="noopener noreferrer">Explotación estadística de los datos de los visitantes del Museu de Ciències Naturals de Barcelona, Parc del Fórum, año 2018</a></li>
<li><a href="https://museuciencies.cat/wp-content/uploads/2018/08/2017_MUSEU_informe.pdf" target="_blank" rel="noopener noreferrer">Explotación estadística de los datos de los visitantes del Museu de Ciències Naturals de Barcelona, Parc del Fórum, año 2017</a></li>
<li><a href="https://museuciencies.cat/wp-content/uploads/2016/04/2016_MuseuBlau_Informe_1.pdf" target="_blank" rel="noopener noreferrer">Explotación estadística de los datos de los visitantes del Museu Blau, año 2016</a></li>
<li><a href="https://museuciencies.cat/wp-content/uploads/2015_MUSEU_BLAU.pdf" target="_blank" rel="noopener noreferrer">Explotación estadística de los datos de los visitantes del Museu Blau, año 2015</a></li>
<li><a href="https://museuciencies.cat/wp-content/uploads/2014_enquesta_visitants_museu_blau.pdf">Expectativa y opinión de los visitantes del Museu Blau, año 2014</a></li>
<li><a href="https://museuciencies.cat/wp-content/uploads/2014_enquesta_visitants_estrangers_museu_blau.pdf">Encuesta a los visitantes extranjeros del Museu Blau, agosto 2014</a></li>
<li><a href="https://museuciencies.cat/wp-content/uploads/2014_enquesta_museu_blau.pdf">Explotación estadística de los datos de los visitantes del Museu Blau, año 2014 </a></li>
<li><a href="https://museuciencies.cat/wp-content/uploads/2013_enquesta_visitants_estrangers_museu_blau.pdf">Encuesta a los visitantes extranjeros del Museu Blau, agosto 2013</a></li>
<li><a href="https://museuciencies.cat/wp-content/uploads/2013_enquesta_museu_blau.pdf">Explotación estadística de los datos de los visitantes del Museu de Ciències Naturals &#8211; Museu Blau, enero–octubre 2013</a></li>
<li><a href="https://museuciencies.cat/wp-content/uploads/2012_enquesta_museu_blau.pdf">Explotación estadística de los datos de los visitantes del Museu de Ciències Naturals &#8211; Museu Blau, enero–octubre 2012</a></li>
</ul>
<p>&nbsp;</p>
<h3>Jardí Botànic</h3>
<ul>
<li><a href="https://museuciencies.cat/wp-content/uploads/2023/07/1519_02_MCNB_Jardi-Botanic_Informe.pdf" target="_blank" rel="noopener">Explotación estadística de los datos de visitantes del Jardí Botànic, año 2022.</a></li>
<li><a href="https://museuciencies.cat/wp-content/uploads/2022/05/2021_JARDI.pdf" target="_blank" rel="noopener">Explotación estadística de los datos de visitantes del Jardí Botànic, año2021.</a></li>
<li><a href="https://museuciencies.cat/wp-content/uploads/2021/07/2020_JARDI.pdf" target="_blank" rel="noopener">Explotación estadística de los datos de visitantes del Jardí Botànic, año2020.</a></li>
<li><a href="https://museuciencies.cat/wp-content/uploads/2021/02/2019_MUSEU_euromus.pdf" target="_blank" rel="noopener noreferrer">Explotación estadística de los datos de visitantes del Jardí Botànic, año 2019</a></li>
<li><a href="https://museuciencies.cat/wp-content/uploads/2020/02/2018_JARDI.pdf" target="_blank" rel="noopener noreferrer">Explotación estadística de los datos de los visitantes del Jardí Botànic, año 2018.</a></li>
<li><a href="https://museuciencies.cat/wp-content/uploads/2018/08/2017_JARDI_BOTANIC_informe.pdf" target="_blank" rel="noopener noreferrer">Explotación estadística de los datos de los visitantes del Jardí Botànic, año 2017</a></li>
<li><a href="https://museuciencies.cat/wp-content/uploads/2017/07/2016_JardíBotànic_Informe_1.pdf" target="_blank" rel="noopener noreferrer">Explotación estadística de los datos de los visitantes del Jardí Botànic, año 2016</a></li>
<li><a href="https://museuciencies.cat/wp-content/uploads/2015_JARDI_BOTANIC.pdf" target="_blank" rel="noopener noreferrer">Explotación estadística de los datos de los visitantes del Jardí Botànic, año 2015</a></li>
<li><a href="https://museuciencies.cat/wp-content/uploads/2015_enquesta_plantat_primavera.pdf">Encuesta del Planta&#8217;t primavera 2015</a></li>
<li><a href="https://museuciencies.cat/wp-content/uploads/2014_enquesta_visitants_estrangers_jardi_botanic.pdf">Encuesta de los visitantes estranjeros del Jardí Botànic, agosto 2014</a></li>
<li><a href="https://museuciencies.cat/wp-content/uploads/2014_enquesta_plantat_tardor.pdf">Encuesta del Planta&#8217;t otoño 2014</a></li>
<li><a href="https://museuciencies.cat/wp-content/uploads/2014_enquesta_plantat_primavera.pdf">Enquesta del Planta&#8217;t primavera 2014</a></li>
<li><a href="https://museuciencies.cat/wp-content/uploads/2014_enquesta_jardi_botanic.pdf">Explotación estadística de los datos de los visitantes del Jardí Botànic, año 2014 </a></li>
<li><a href="https://museuciencies.cat/wp-content/uploads/2013_enquesta_visitants_estrangers_jardi_botanic.pdf">Encuesta de los visitantes extranjeros del Jardí Botànic, agosto 2013</a></li>
<li><a href="https://museuciencies.cat/wp-content/uploads/2013_enquesta_jardi_botanic.pdf">Explotación estadística de los datos de los visitantes del Museu de Ciències Naturals – Jardí Botànic, enero–octubre 2013</a></li>
<li><a href="https://museuciencies.cat/wp-content/uploads/2012_enquesta_jardi_botanic.pdf">Explotación estadística de los datos de los visitantes del Museu de Ciències Naturals – Jardí Botànic, enero–octubre 2012</a></li>
</ul>
<h3>Estudios de no-públicos:</h3>
<ul>
<li><a href="https://museuciencies.cat/wp-content/uploads/2016_MCNB_no_public.pdf" target="_blank" rel="noopener noreferrer">Estudio Òmnibus de los no-públicos del Museu de Ciències Naturals de Barcelona &#8211; abril 2016</a></li>
</ul>

<p>Es prioridad del Museu de Ciències Naturals de Barcelona el conocimiento y la opinión de sus públicos. Esta información es valiosa para ayudar a perfilar una programación y unos servicios que tengan en cuenta también los intereses de los usuarios. En este espacio encontrará los estudios de público que se realizan en el Museu de Ciències [&hellip;]</p>
