{"id":15575,"date":"2014-05-14T14:09:39","date_gmt":"2014-05-14T14:09:39","guid":{"rendered":"http:\/\/museuciencies.cat\/area-cientifica\/linies-de-recerca\/diversitat-natural\/ecologia-funcional-en-agroecosistemes\/"},"modified":"2024-04-29T15:03:14","modified_gmt":"2024-04-29T13:03:14","slug":"ecologia-funcional-en-agroecosistemas","status":"publish","type":"page","link":"https:\/\/museuciencies.cat\/es\/area-cientifica\/lineas-de-investigacion\/diversidad-natural\/ecologia-funcional-en-agroecosistemas\/","title":{"rendered":"Ecolog\u00eda funcional en sistemas agroforestales"},"content":{"rendered":"<p>La llegada del <strong>Antropoceno<\/strong> ha inducido cambios dr\u00e1sticos en las comunidades de artr\u00f3podos, alterando el funcionamiento de los ecosistemas y comprometiendo los servicios esenciales que proporcionan para el bienestar humano, como el control biol\u00f3gico y la polinizaci\u00f3n.<\/p>\n<p>A raz\u00f3n de esta l\u00ednea de investigaci\u00f3n, se pretende entender mejor <strong>c\u00f3mo los diferentes grupos tr\u00f3ficos<\/strong> (fit\u00f3fagos, predadores, parasitoides, sapr\u00f3fagos) <strong>responden a los cambios ambientales importantes<\/strong> (a trav\u00e9s de un gradiente clim\u00e1tico, de fragmentaci\u00f3n y de intensificaci\u00f3n agr\u00edcola) <strong>y c\u00f3mo estas respuestas pueden afectar al funcionamiento de los ecosistemas<\/strong>.<\/p>\n<p>Avanzar en el conocimiento y comprensi\u00f3n general del impacto de los cambios globales en la biodiversidad y el funcionamiento de los ecosistemas comportar\u00e1 decisiones m\u00e1s acertadas para la conservaci\u00f3n y planificaci\u00f3n del desarrollo sostenible.<\/p>\n","protected":false},"excerpt":{"rendered":"<p>La llegada del Antropoceno ha inducido cambios dr\u00e1sticos en las comunidades de artr\u00f3podos, alterando el funcionamiento de los ecosistemas y comprometiendo los servicios esenciales que proporcionan para el bienestar humano, como el control biol\u00f3gico y la polinizaci\u00f3n. A raz\u00f3n de esta l\u00ednea de investigaci\u00f3n, se pretende entender mejor c\u00f3mo los diferentes grupos tr\u00f3ficos (fit\u00f3fagos, predadores, [&hellip;]<\/p>\n","protected":false},"author":2,"featured_media":0,"parent":15191,"menu_order":112,"comment_status":"closed","ping_status":"closed","template":"page-fills-programes-recerca.php","meta":{"_acf_changed":false,"footnotes":""},"class_list":["post-15575","page","type-page","status-publish","hentry"],"acf":{"activeu_alerta":false,"arxius_adjunts":false,"boto_de_link_o_mail":false,"imatge_llistat":false,"img_cap":6583,"links_associats":false,"llistat_projectes":[{"titol":"SPIDCHANGE: Spiders as integrators of brown and green food webs in a changing world(PID2022-137758NB-I00)","any":"2023","responsable":"","financament":"Gobierno de Espa\u00f1a (Ministerio de Ciencia, Innovaci\u00f3n y Universidades) y Uni\u00f3n Europea","durada":"3 a\u00f1os","descripcio":"<p>\u00bfC\u00f3mo afectan las perturbaciones medioambientales y antropog\u00e9nicas a las comunidades de artr\u00f3podos? \u00bfC\u00f3mo repercuten los cambios en sus comunidades en el funcionamiento de los ecosistemas y en los servicios que \u00e9stos ofrecen? M\u00e1s del 85% de las especies animales conocidas son artr\u00f3podos. Sin embargo, estimaciones recientes revelan un aumento de la extinci\u00f3n de especies a escala local y un descenso de la biomasa de artr\u00f3podos debido, seguramente, a la intensificaci\u00f3n del uso del suelo. El proyecto SPIDCHANGE investigar\u00e1 el efecto de los cambios en el clima, la estructura y la fragmentaci\u00f3n del h\u00e1bitat sobre los patrones de biodiversidad (taxon\u00f3mica, funcional, filogen\u00e9tica y gen\u00e9tica) de las comunidades de artr\u00f3podos, y determinar\u00e1 c\u00f3mo se relacionan dichos cambios con las funciones ecosist\u00e9micas b\u00e1sicas (productividad y ciclo de nutrientes). El proyecto se centrar\u00e1 en las ara\u00f1as presentes en alcornocales de la pen\u00ednsula ib\u00e9rica, considerados unos de los bosques ib\u00e9ricos de mayor relevancia natural, cultural y econ\u00f3mica.<\/p>\n<p><strong>Web convocatoria<\/strong>:\u00a0 <a href=\"https:\/\/www.aei.gob.es\/convocatorias\/buscador-convocatorias\/proyectos-generacion-conocimiento-2022\" target=\"_blank\" rel=\"noopener\">https:\/\/www.aei.gob.es\/ca\/convocatories\/cercador-convocatories\/proyectos-generacion-conocimiento-2022<\/a><\/p>\n<p><img loading=\"lazy\" decoding=\"async\" class=\"size-full wp-image-109326 alignleft\" src=\"https:\/\/museuciencies.cat\/wp-content\/uploads\/2024\/03\/320px-Logotipo_del_Ministerio_de_Ciencia_Innovacion_y_Universidades.svg_.png\" alt=\"\" width=\"320\" height=\"83\" \/> <img loading=\"lazy\" decoding=\"async\" class=\"wp-image-109330 alignleft\" src=\"https:\/\/museuciencies.cat\/wp-content\/uploads\/2024\/03\/Projecte-nou-73-615x408.jpg\" alt=\"\" width=\"119\" height=\"79\" srcset=\"https:\/\/museuciencies.cat\/wp-content\/uploads\/2024\/03\/Projecte-nou-73-615x408.jpg 615w, https:\/\/museuciencies.cat\/wp-content\/uploads\/2024\/03\/Projecte-nou-73-1024x679.jpg 1024w, https:\/\/museuciencies.cat\/wp-content\/uploads\/2024\/03\/Projecte-nou-73-768x509.jpg 768w, https:\/\/museuciencies.cat\/wp-content\/uploads\/2024\/03\/Projecte-nou-73.jpg 1283w\" sizes=\"auto, (max-width: 119px) 100vw, 119px\" \/><\/p>\n","documents_adjunts":false}],"nou_carrusel":false,"presenta_fills":"no","tambe_us_pot_interessar":"","text_alerta":"","presenta_peu":false,"segona_part":""},"jetpack_sharing_enabled":true,"_links":{"self":[{"href":"https:\/\/museuciencies.cat\/es\/wp-json\/wp\/v2\/pages\/15575","targetHints":{"allow":["GET"]}}],"collection":[{"href":"https:\/\/museuciencies.cat\/es\/wp-json\/wp\/v2\/pages"}],"about":[{"href":"https:\/\/museuciencies.cat\/es\/wp-json\/wp\/v2\/types\/page"}],"author":[{"embeddable":true,"href":"https:\/\/museuciencies.cat\/es\/wp-json\/wp\/v2\/users\/2"}],"replies":[{"embeddable":true,"href":"https:\/\/museuciencies.cat\/es\/wp-json\/wp\/v2\/comments?post=15575"}],"version-history":[{"count":3,"href":"https:\/\/museuciencies.cat\/es\/wp-json\/wp\/v2\/pages\/15575\/revisions"}],"predecessor-version":[{"id":110708,"href":"https:\/\/museuciencies.cat\/es\/wp-json\/wp\/v2\/pages\/15575\/revisions\/110708"}],"up":[{"embeddable":true,"href":"https:\/\/museuciencies.cat\/es\/wp-json\/wp\/v2\/pages\/15191"}],"wp:attachment":[{"href":"https:\/\/museuciencies.cat\/es\/wp-json\/wp\/v2\/media?parent=15575"}],"curies":[{"name":"wp","href":"https:\/\/api.w.org\/{rel}","templated":true}]}}

Ecología funcional en sistemas agroforestales

<p>La llegada del <strong>Antropoceno</strong> ha inducido cambios drásticos en las comunidades de artrópodos, alterando el funcionamiento de los ecosistemas y comprometiendo los servicios esenciales que proporcionan para el bienestar humano, como el control biológico y la polinización.</p>
<p>A razón de esta línea de investigación, se pretende entender mejor <strong>cómo los diferentes grupos tróficos</strong> (fitófagos, predadores, parasitoides, saprófagos) <strong>responden a los cambios ambientales importantes</strong> (a través de un gradiente climático, de fragmentación y de intensificación agrícola) <strong>y cómo estas respuestas pueden afectar al funcionamiento de los ecosistemas</strong>.</p>
<p>Avanzar en el conocimiento y comprensión general del impacto de los cambios globales en la biodiversidad y el funcionamiento de los ecosistemas comportará decisiones más acertadas para la conservación y planificación del desarrollo sostenible.</p>

<p>La llegada del Antropoceno ha inducido cambios drásticos en las comunidades de artrópodos, alterando el funcionamiento de los ecosistemas y comprometiendo los servicios esenciales que proporcionan para el bienestar humano, como el control biológico y la polinización. A razón de esta línea de investigación, se pretende entender mejor cómo los diferentes grupos tróficos (fitófagos, predadores, [&hellip;]</p>

Gobierno de España (Ministerio de Ciencia, Innovación y Universidades) y Unión Europea

3 años

<p>¿Cómo afectan las perturbaciones medioambientales y antropogénicas a las comunidades de artrópodos? ¿Cómo repercuten los cambios en sus comunidades en el funcionamiento de los ecosistemas y en los servicios que éstos ofrecen? Más del 85% de las especies animales conocidas son artrópodos. Sin embargo, estimaciones recientes revelan un aumento de la extinción de especies a escala local y un descenso de la biomasa de artrópodos debido, seguramente, a la intensificación del uso del suelo. El proyecto SPIDCHANGE investigará el efecto de los cambios en el clima, la estructura y la fragmentación del hábitat sobre los patrones de biodiversidad (taxonómica, funcional, filogenética y genética) de las comunidades de artrópodos, y determinará cómo se relacionan dichos cambios con las funciones ecosistémicas básicas (productividad y ciclo de nutrientes). El proyecto se centrará en las arañas presentes en alcornocales de la península ibérica, considerados unos de los bosques ibéricos de mayor relevancia natural, cultural y económica.</p>
<p><strong>Web convocatoria</strong>:  <a href="https://www.aei.gob.es/convocatorias/buscador-convocatorias/proyectos-generacion-conocimiento-2022" target="_blank" rel="noopener">https://www.aei.gob.es/ca/convocatories/cercador-convocatories/proyectos-generacion-conocimiento-2022</a></p>
<p><img loading="lazy" decoding="async" class="size-full wp-image-109326 alignleft" src="https://museuciencies.cat/wp-content/uploads/2024/03/320px-Logotipo_del_Ministerio_de_Ciencia_Innovacion_y_Universidades.svg_.png" alt="" width="320" height="83" /> <img loading="lazy" decoding="async" class="wp-image-109330 alignleft" src="https://museuciencies.cat/wp-content/uploads/2024/03/Projecte-nou-73-615x408.jpg" alt="" width="119" height="79" srcset="https://museuciencies.cat/wp-content/uploads/2024/03/Projecte-nou-73-615x408.jpg 615w, https://museuciencies.cat/wp-content/uploads/2024/03/Projecte-nou-73-1024x679.jpg 1024w, https://museuciencies.cat/wp-content/uploads/2024/03/Projecte-nou-73-768x509.jpg 768w, https://museuciencies.cat/wp-content/uploads/2024/03/Projecte-nou-73.jpg 1283w" sizes="auto, (max-width: 119px) 100vw, 119px" /></p>
