{"id":14847,"date":"2013-03-05T07:21:59","date_gmt":"2013-03-05T07:21:59","guid":{"rendered":"http:\/\/museuciencies.cat\/visitanos\/jardi-botanic\/accessibilitat\/"},"modified":"2025-08-05T11:48:43","modified_gmt":"2025-08-05T09:48:43","slug":"accesibilidad","status":"publish","type":"page","link":"https:\/\/museuciencies.cat\/es\/el-nat\/las-sedes\/jardin-botanico-de-barcelona\/accesibilidad\/","title":{"rendered":"Accesibilidad"},"content":{"rendered":"<p>El Jard\u00ed Bot\u00e0nic es accesible a personas con movilidad reducida, que pueden desplazarse por todas las \u00e1reas del Jard\u00edn a trav\u00e9s de caminos y rampas.<\/p>\n<h3>Servicios de accesibilidad<\/h3>\n<ul>\n<li>Se permite el acceso de perros gu\u00eda y perros de asistencia a todos los espacios del centro.<\/li>\n<li>Tarifas reducidas o gratuitas a las personas con discapacidad titulares de la tarjeta rosa reducida o la tarjeta rosa gratuita. Disponen de entrada gratuita los poseedores del pase metropolitano de acompa\u00f1ante de una persona con discapacidad<\/li>\n<li>Plazas de aparcamiento reservadas y correctamente se\u00f1alizadas<\/li>\n<li>El acceso general al recinto es una rampa con un 10% de pendiente<\/li>\n<li>El itinerario es practicable, excepto el acceso a la colecci\u00f3n de Bonsai.<\/li>\n<li>Hay dos esc\u00faters el\u00e9ctricos a disposici\u00f3n de personas con movilidad reducida que puedan necesitarlo. Pr\u00e9stamo gratuito en taquillas. <span style=\"color: #ff0000;\">Actualmente no disponible. Disculpad las molestias.<\/span><\/li>\n<li>En el edificio principal hay dos aseos perfectamente adaptados.<\/li>\n<li>En la entrada del Jard\u00edn disponemos de una maqueta t\u00e1ctil para personas con discapacidad visual.<\/li>\n<\/ul>\n","protected":false},"excerpt":{"rendered":"<p>El Jard\u00ed Bot\u00e0nic es accesible a personas con movilidad reducida, que pueden desplazarse por todas las \u00e1reas del Jard\u00edn a trav\u00e9s de caminos y rampas. Servicios de accesibilidad Se permite el acceso de perros gu\u00eda y perros de asistencia a todos los espacios del centro. Tarifas reducidas o gratuitas a las personas con discapacidad titulares [&hellip;]<\/p>\n","protected":false},"author":1,"featured_media":0,"parent":13242,"menu_order":305,"comment_status":"closed","ping_status":"closed","template":"","meta":{"_acf_changed":false,"footnotes":""},"class_list":["post-14847","page","type-page","status-publish","hentry"],"acf":{"activeu_alerta":false,"arxius_adjunts":false,"boto_de_link_o_mail":false,"imatge_llistat":false,"img_cap":5437,"links_associats":false,"nou_carrusel":false,"presenta_fills":"no","tambe_us_pot_interessar":"","text_alerta":"","presenta_peu":false,"segona_part":""},"jetpack_sharing_enabled":true,"_links":{"self":[{"href":"https:\/\/museuciencies.cat\/es\/wp-json\/wp\/v2\/pages\/14847","targetHints":{"allow":["GET"]}}],"collection":[{"href":"https:\/\/museuciencies.cat\/es\/wp-json\/wp\/v2\/pages"}],"about":[{"href":"https:\/\/museuciencies.cat\/es\/wp-json\/wp\/v2\/types\/page"}],"author":[{"embeddable":true,"href":"https:\/\/museuciencies.cat\/es\/wp-json\/wp\/v2\/users\/1"}],"replies":[{"embeddable":true,"href":"https:\/\/museuciencies.cat\/es\/wp-json\/wp\/v2\/comments?post=14847"}],"version-history":[{"count":1,"href":"https:\/\/museuciencies.cat\/es\/wp-json\/wp\/v2\/pages\/14847\/revisions"}],"predecessor-version":[{"id":121796,"href":"https:\/\/museuciencies.cat\/es\/wp-json\/wp\/v2\/pages\/14847\/revisions\/121796"}],"up":[{"embeddable":true,"href":"https:\/\/museuciencies.cat\/es\/wp-json\/wp\/v2\/pages\/13242"}],"wp:attachment":[{"href":"https:\/\/museuciencies.cat\/es\/wp-json\/wp\/v2\/media?parent=14847"}],"curies":[{"name":"wp","href":"https:\/\/api.w.org\/{rel}","templated":true}]}}

<p>El Jardí Botànic es accesible a personas con movilidad reducida, que pueden desplazarse por todas las áreas del Jardín a través de caminos y rampas.</p>
<h3>Servicios de accesibilidad</h3>
<ul>
<li>Se permite el acceso de perros guía y perros de asistencia a todos los espacios del centro.</li>
<li>Tarifas reducidas o gratuitas a las personas con discapacidad titulares de la tarjeta rosa reducida o la tarjeta rosa gratuita. Disponen de entrada gratuita los poseedores del pase metropolitano de acompañante de una persona con discapacidad</li>
<li>Plazas de aparcamiento reservadas y correctamente señalizadas</li>
<li>El acceso general al recinto es una rampa con un 10% de pendiente</li>
<li>El itinerario es practicable, excepto el acceso a la colección de Bonsai.</li>
<li>Hay dos escúters eléctricos a disposición de personas con movilidad reducida que puedan necesitarlo. Préstamo gratuito en taquillas. <span style="color: #ff0000;">Actualmente no disponible. Disculpad las molestias.</span></li>
<li>En el edificio principal hay dos aseos perfectamente adaptados.</li>
<li>En la entrada del Jardín disponemos de una maqueta táctil para personas con discapacidad visual.</li>
</ul>

<p>El Jardí Botànic es accesible a personas con movilidad reducida, que pueden desplazarse por todas las áreas del Jardín a través de caminos y rampas. Servicios de accesibilidad Se permite el acceso de perros guía y perros de asistencia a todos los espacios del centro. Tarifas reducidas o gratuitas a las personas con discapacidad titulares [&hellip;]</p>
