{"id":13265,"date":"2013-03-05T07:24:20","date_gmt":"2013-03-05T07:24:20","guid":{"rendered":"http:\/\/museuciencies.cat\/visitanos\/jardi-botanic\/informacio-practica\/horaris\/"},"modified":"2025-10-15T19:35:11","modified_gmt":"2025-10-15T17:35:11","slug":"horarios-y-precios","status":"publish","type":"page","link":"https:\/\/museuciencies.cat\/es\/el-nat\/las-sedes\/jardin-botanico-de-barcelona\/informacion-practica\/horarios-y-precios\/","title":{"rendered":"Horarios y precios"},"content":{"rendered":"<h3><span style=\"color: #000000;\">Horario<\/span><\/h3>\n<p>Aviso: Si visit\u00e1is el Jard\u00edn un d\u00eda en el que haya partido del Bar\u00e7a, os recomendamos que veng\u00e1is a pie o en transporte p\u00fablico.<\/p>\n<p>Todos los d\u00edas:<\/p>\n<ul>\n<li>Noviembre, diciembre, enero: de 10 a 17 h<\/li>\n<li>Febrero, marzo: de 10 a 18 h<\/li>\n<li>Abril, mayo, septiembre, octubre: de 10 a 19 h<\/li>\n<li>Junio, julio, agosto: de 10 a 20 h<\/li>\n<\/ul>\n<p>Atenci\u00f3n: no se permite la entrada desde media hora antes del cierre.<\/p>\n<p><span style=\"color: #000000;\"><strong>D\u00edas de cierre<\/strong><\/span><\/p>\n<ul>\n<li><span style=\"color: #000000;\">1 de enero, 1 de mayo, 24 de junio y 25 de diciembre<\/span><\/li>\n<\/ul>\n<h3><span style=\"color: #000000;\">Precios<\/span><\/h3>\n<p><span style=\"color: #000000;\"><strong>Entrada normal<\/strong><\/span><\/p>\n<ul>\n<li>Entrada Jard\u00edn: 5 \u20ac<\/li>\n<li><span style=\"color: #000000;\">Combinada Museu de Ci\u00e8ncies Naturals \u2013 Jard\u00ed Bot\u00e0nic: 8 \u20ac<\/span><\/li>\n<\/ul>\n<p><span style=\"color: #000000;\"><strong>Entrada reducida<\/strong><\/span><\/p>\n<ul>\n<li>Entrada Jard\u00edn: 2,5 \u20ac<\/li>\n<li><span style=\"color: #000000;\">Combinada Museu de Ci\u00e8ncies Naturals \u2013 Jard\u00ed Bot\u00e0nic: 4 \u20ac<\/span><\/li>\n<\/ul>\n<p><span style=\"color: #000000;\"><strong>Entrada libre<\/strong><\/span><\/p>\n<ul>\n<li><span style=\"color: #000000;\">Los primeros domingos de mes, todo el d\u00eda, y todos los domingos del a\u00f1o a partir de las 15 h<\/span><\/li>\n<li><span style=\"color: #000000;\">\u00a012 de febrero por Fiestas de Santa Eul\u00e0lia; 18 de mayo, D\u00eda Internacional de los Museos, y 24 de septiembre, la Merc\u00e8<\/span><\/li>\n<\/ul>\n<p>Venta de entradas en este <a href=\"https:\/\/entrades.eicub.net:8443\/muslinkIV\/index.jsp?nom_cache=ZOO&amp;property=ZOO&amp;grupActiv=2&amp;lang=2\" target=\"_blank\" rel=\"noopener noreferrer\">enlace<\/a>.<\/p>\n<p>Consulta m\u00e1s informaci\u00f3n sobre gratuidad y reducci\u00f3n precio entradas :<\/p>\n","protected":false},"excerpt":{"rendered":"<p>Horario Aviso: Si visit\u00e1is el Jard\u00edn un d\u00eda en el que haya partido del Bar\u00e7a, os recomendamos que veng\u00e1is a pie o en transporte p\u00fablico. Todos los d\u00edas: Noviembre, diciembre, enero: de 10 a 17 h Febrero, marzo: de 10 a 18 h Abril, mayo, septiembre, octubre: de 10 a 19 h Junio, julio, agosto: [&hellip;]<\/p>\n","protected":false},"author":1,"featured_media":0,"parent":13253,"menu_order":285,"comment_status":"closed","ping_status":"closed","template":"","meta":{"_acf_changed":false,"footnotes":""},"class_list":["post-13265","page","type-page","status-publish","hentry"],"acf":{"activeu_alerta":false,"arxius_adjunts":false,"boto_de_link_o_mail":false,"imatge_llistat":false,"img_cap":8169,"links_associats":false,"nou_carrusel":false,"presenta_fills":"no","tambe_us_pot_interessar":"","text_alerta":"","presenta_peu":false,"segona_part":"<p><strong>\u00bfQui\u00e9n disfruta de entrada reducida?<\/strong><\/p>\n<ul>\n<li>Las personas de 16 a 29 a\u00f1os<\/li>\n<li>Las personas de 65 a\u00f1os o m\u00e1s<\/li>\n<li>Las personas en paro o poseedoras de la tarjeta rosa reducida<\/li>\n<li>Las familias, con un m\u00e1ximo de dos acompa\u00f1antes adultos, siempre que como m\u00ednimo uno de ellos sea el padre, la madre o el tutor legal. Es imprescindible que haya como m\u00ednimo un miembro menor de 16 a\u00f1os<\/li>\n<li>Las personas con carnet de familia numerosa<\/li>\n<li>Las personas con carnet de familia monoparental<\/li>\n<li>Las personas con carnet de Bibliotecas de Barcelona<\/li>\n<li>Las personas con targeta Bcn Card Express.<\/li>\n<li>Los grupos de diez o m\u00e1s personas<\/li>\n<li>La adquisici\u00f3n del cat\u00e1logo de la exposici\u00f3n dar\u00e1 derecho a dos entradas reducidas.<\/li>\n<\/ul>\n<p>En todos estos casos debe acreditarse la condici\u00f3n que da derecho a la entrada reducida.<\/p>\n<p><strong>\u00bfY gratuita?<\/strong><\/p>\n<ul>\n<li>Las personas menores de diecis\u00e9is a\u00f1os<\/li>\n<li>Las personas miembros del International Council of Museums (ICOM)<\/li>\n<li>Las persones miembros de la Associaci\u00f3 de Muse\u00f2legs de Catalunya<\/li>\n<li>Las persones gu\u00edas de turismo profesionales en el ejercicio de su labor<\/li>\n<li>El profesorado de ense\u00f1anza reglada y cuando acompa\u00f1en a un grupo de estudiantes.<\/li>\n<li>Las personas poseedoras de la tarjeta rosa gratuita<\/li>\n<li>Las personas que dispongan del pase metropolitano de acompa\u00f1ante de una persona con discapacidad, o los\/las acompa\u00f1antes de personas con tarjeta acreditativa de discapacidad reconocida y que requiera el concurso de tercera persona.<\/li>\n<li>Las personas con la tarjeta acreditativa de la discapacidad de la Generalitat<\/li>\n<li>Periodistas<\/li>\n<li>Las personas poseedoras de la tarjeta BCN Card<\/li>\n<li>Las persones registradas en \u201cGaudir M\u00e9s Barcelona\u201d podr\u00e9is acceder gratuitamente a las exposiciones permanentes y temporales<\/li>\n<li>Las persones adultas acompa\u00f1antes de los ni\u00f1os y ni\u00f1as beneficiarios del \u201cQuadern Cultura\u201d. Una peersona adulta por cada ni\u00f1o o nina.<\/li>\n<li>Las personas que han hecho donaci\u00f3n de patrimonio debidamente acreditados tendr\u00e1n acceso gratuito al museu al que hayan formalizado la donaci\u00f3n.<\/li>\n<li>Las visitas concertadas de grupos de estudio para una ma\u00f1ana o tarde lectiva, con reserva pr\u00e8via al tel: 93 2562220 (dill. a div. de 9h a 13h) o al mail <a href=\"mailto:activmuseuciencies@bcn.cat\">activmuseuciencies@bcn.cat<\/a><\/li>\n<\/ul>\n<p>En todos estos casos debe acreditarse la condici\u00f3n que da derecho a la entrada reducida\/gratuita.<\/p>\n"},"jetpack_sharing_enabled":true,"_links":{"self":[{"href":"https:\/\/museuciencies.cat\/es\/wp-json\/wp\/v2\/pages\/13265","targetHints":{"allow":["GET"]}}],"collection":[{"href":"https:\/\/museuciencies.cat\/es\/wp-json\/wp\/v2\/pages"}],"about":[{"href":"https:\/\/museuciencies.cat\/es\/wp-json\/wp\/v2\/types\/page"}],"author":[{"embeddable":true,"href":"https:\/\/museuciencies.cat\/es\/wp-json\/wp\/v2\/users\/1"}],"replies":[{"embeddable":true,"href":"https:\/\/museuciencies.cat\/es\/wp-json\/wp\/v2\/comments?post=13265"}],"version-history":[{"count":21,"href":"https:\/\/museuciencies.cat\/es\/wp-json\/wp\/v2\/pages\/13265\/revisions"}],"predecessor-version":[{"id":122460,"href":"https:\/\/museuciencies.cat\/es\/wp-json\/wp\/v2\/pages\/13265\/revisions\/122460"}],"up":[{"embeddable":true,"href":"https:\/\/museuciencies.cat\/es\/wp-json\/wp\/v2\/pages\/13253"}],"wp:attachment":[{"href":"https:\/\/museuciencies.cat\/es\/wp-json\/wp\/v2\/media?parent=13265"}],"curies":[{"name":"wp","href":"https:\/\/api.w.org\/{rel}","templated":true}]}}

<h3><span style="color: #000000;">Horario</span></h3>
<p>Aviso: Si visitáis el Jardín un día en el que haya partido del Barça, os recomendamos que vengáis a pie o en transporte público.</p>
<p>Todos los días:</p>
<ul>
<li>Noviembre, diciembre, enero: de 10 a 17 h</li>
<li>Febrero, marzo: de 10 a 18 h</li>
<li>Abril, mayo, septiembre, octubre: de 10 a 19 h</li>
<li>Junio, julio, agosto: de 10 a 20 h</li>
</ul>
<p>Atención: no se permite la entrada desde media hora antes del cierre.</p>
<p><span style="color: #000000;"><strong>Días de cierre</strong></span></p>
<ul>
<li><span style="color: #000000;">1 de enero, 1 de mayo, 24 de junio y 25 de diciembre</span></li>
</ul>
<h3><span style="color: #000000;">Precios</span></h3>
<p><span style="color: #000000;"><strong>Entrada normal</strong></span></p>
<ul>
<li>Entrada Jardín: 5 €</li>
<li><span style="color: #000000;">Combinada Museu de Ciències Naturals – Jardí Botànic: 8 €</span></li>
</ul>
<p><span style="color: #000000;"><strong>Entrada reducida</strong></span></p>
<ul>
<li>Entrada Jardín: 2,5 €</li>
<li><span style="color: #000000;">Combinada Museu de Ciències Naturals – Jardí Botànic: 4 €</span></li>
</ul>
<p><span style="color: #000000;"><strong>Entrada libre</strong></span></p>
<ul>
<li><span style="color: #000000;">Los primeros domingos de mes, todo el día, y todos los domingos del año a partir de las 15 h</span></li>
<li><span style="color: #000000;"> 12 de febrero por Fiestas de Santa Eulàlia; 18 de mayo, Día Internacional de los Museos, y 24 de septiembre, la Mercè</span></li>
</ul>
<p>Venta de entradas en este <a href="https://entrades.eicub.net:8443/muslinkIV/index.jsp?nom_cache=ZOO&amp;property=ZOO&amp;grupActiv=2&amp;lang=2" target="_blank" rel="noopener noreferrer">enlace</a>.</p>
<p>Consulta más información sobre gratuidad y reducción precio entradas :</p>

<p>Horario Aviso: Si visitáis el Jardín un día en el que haya partido del Barça, os recomendamos que vengáis a pie o en transporte público. Todos los días: Noviembre, diciembre, enero: de 10 a 17 h Febrero, marzo: de 10 a 18 h Abril, mayo, septiembre, octubre: de 10 a 19 h Junio, julio, agosto: [&hellip;]</p>

<p><strong>¿Quién disfruta de entrada reducida?</strong></p>
<ul>
<li>Las personas de 16 a 29 años</li>
<li>Las personas de 65 años o más</li>
<li>Las personas en paro o poseedoras de la tarjeta rosa reducida</li>
<li>Las familias, con un máximo de dos acompañantes adultos, siempre que como mínimo uno de ellos sea el padre, la madre o el tutor legal. Es imprescindible que haya como mínimo un miembro menor de 16 años</li>
<li>Las personas con carnet de familia numerosa</li>
<li>Las personas con carnet de familia monoparental</li>
<li>Las personas con carnet de Bibliotecas de Barcelona</li>
<li>Las personas con targeta Bcn Card Express.</li>
<li>Los grupos de diez o más personas</li>
<li>La adquisición del catálogo de la exposición dará derecho a dos entradas reducidas.</li>
</ul>
<p>En todos estos casos debe acreditarse la condición que da derecho a la entrada reducida.</p>
<p><strong>¿Y gratuita?</strong></p>
<ul>
<li>Las personas menores de dieciséis años</li>
<li>Las personas miembros del International Council of Museums (ICOM)</li>
<li>Las persones miembros de la Associació de Museòlegs de Catalunya</li>
<li>Las persones guías de turismo profesionales en el ejercicio de su labor</li>
<li>El profesorado de enseñanza reglada y cuando acompañen a un grupo de estudiantes.</li>
<li>Las personas poseedoras de la tarjeta rosa gratuita</li>
<li>Las personas que dispongan del pase metropolitano de acompañante de una persona con discapacidad, o los/las acompañantes de personas con tarjeta acreditativa de discapacidad reconocida y que requiera el concurso de tercera persona.</li>
<li>Las personas con la tarjeta acreditativa de la discapacidad de la Generalitat</li>
<li>Periodistas</li>
<li>Las personas poseedoras de la tarjeta BCN Card</li>
<li>Las persones registradas en “Gaudir Més Barcelona” podréis acceder gratuitamente a las exposiciones permanentes y temporales</li>
<li>Las persones adultas acompañantes de los niños y niñas beneficiarios del “Quadern Cultura”. Una peersona adulta por cada niño o nina.</li>
<li>Las personas que han hecho donación de patrimonio debidamente acreditados tendrán acceso gratuito al museu al que hayan formalizado la donación.</li>
<li>Las visitas concertadas de grupos de estudio para una mañana o tarde lectiva, con reserva prèvia al tel: 93 2562220 (dill. a div. de 9h a 13h) o al mail <a href="mailto:activmuseuciencies@bcn.cat">activmuseuciencies@bcn.cat</a></li>
</ul>
<p>En todos estos casos debe acreditarse la condición que da derecho a la entrada reducida/gratuita.</p>
