{"id":12989,"date":"2013-02-27T10:57:16","date_gmt":"2013-02-27T10:57:16","guid":{"rendered":"http:\/\/museuciencies.cat\/visitanos\/museu-blau\/exposicions\/"},"modified":"2017-12-04T16:04:03","modified_gmt":"2017-12-04T14:04:03","slug":"exposiciones-temporales","status":"publish","type":"page","link":"https:\/\/museuciencies.cat\/es\/el-nat\/las-sedes\/museo-de-ciencias-naturales-de-barcelona\/exposiciones-temporales\/","title":{"rendered":"Exposiciones temporales"},"content":{"rendered":"<p>Las exposiciones temporales del\u00a0Museo\u00a0permiten comprender mejor temas concretos relacionados con las ciencias naturales y profundizar en ellos. Incluyen desde cuestiones de actualidad cient\u00edfica y social en el \u00e1mbito de las ciencias naturales, la historia de la ciencia, la biodiversidad y la naturaleza hasta disciplinas como el arte, la historia y la fotograf\u00eda, entre otras.<\/p>\n<p>El Museo dedica 1.000 metros cuadrados a exposiciones temporales, repartidos en dos espacios, uno de 700 metros cuadrados y uno de 250 metros cuadrados (espacio denominado Ciencia y m\u00e1s) que se pueden subdividir para presentar m\u00e1s de una muestra, seg\u00fan las necesidades de la programaci\u00f3n.<\/p>\n","protected":false},"excerpt":{"rendered":"<p>Las exposiciones temporales del\u00a0Museo\u00a0permiten comprender mejor temas concretos relacionados con las ciencias naturales y profundizar en ellos. Incluyen desde cuestiones de actualidad cient\u00edfica y social en el \u00e1mbito de las ciencias naturales, la historia de la ciencia, la biodiversidad y la naturaleza hasta disciplinas como el arte, la historia y la fotograf\u00eda, entre otras. El [&hellip;]<\/p>\n","protected":false},"author":1,"featured_media":0,"parent":12870,"menu_order":312,"comment_status":"closed","ping_status":"closed","template":"tmpl-page-llistats.php","meta":{"_acf_changed":false,"footnotes":""},"class_list":["post-12989","page","type-page","status-publish","hentry"],"acf":{"activeu_alerta":false,"arxius_adjunts":false,"boto_de_link_o_mail":[{"text":"Text","link":"LINK"}],"estat_expo_final":"En curs","imatge_llistat":false,"img_cap":8124,"links_associats":false,"nou_carrusel":false,"pertany_a_":"museu blau","presenta_fills":"no","tambe_us_pot_interessar":"","text_alerta":"","presenta_peu":false},"jetpack_sharing_enabled":true,"_links":{"self":[{"href":"https:\/\/museuciencies.cat\/es\/wp-json\/wp\/v2\/pages\/12989","targetHints":{"allow":["GET"]}}],"collection":[{"href":"https:\/\/museuciencies.cat\/es\/wp-json\/wp\/v2\/pages"}],"about":[{"href":"https:\/\/museuciencies.cat\/es\/wp-json\/wp\/v2\/types\/page"}],"author":[{"embeddable":true,"href":"https:\/\/museuciencies.cat\/es\/wp-json\/wp\/v2\/users\/1"}],"replies":[{"embeddable":true,"href":"https:\/\/museuciencies.cat\/es\/wp-json\/wp\/v2\/comments?post=12989"}],"version-history":[{"count":0,"href":"https:\/\/museuciencies.cat\/es\/wp-json\/wp\/v2\/pages\/12989\/revisions"}],"up":[{"embeddable":true,"href":"https:\/\/museuciencies.cat\/es\/wp-json\/wp\/v2\/pages\/12870"}],"wp:attachment":[{"href":"https:\/\/museuciencies.cat\/es\/wp-json\/wp\/v2\/media?parent=12989"}],"curies":[{"name":"wp","href":"https:\/\/api.w.org\/{rel}","templated":true}]}}

<p>Las exposiciones temporales del Museo permiten comprender mejor temas concretos relacionados con las ciencias naturales y profundizar en ellos. Incluyen desde cuestiones de actualidad científica y social en el ámbito de las ciencias naturales, la historia de la ciencia, la biodiversidad y la naturaleza hasta disciplinas como el arte, la historia y la fotografía, entre otras.</p>
<p>El Museo dedica 1.000 metros cuadrados a exposiciones temporales, repartidos en dos espacios, uno de 700 metros cuadrados y uno de 250 metros cuadrados (espacio denominado Ciencia y más) que se pueden subdividir para presentar más de una muestra, según las necesidades de la programación.</p>

<p>Las exposiciones temporales del Museo permiten comprender mejor temas concretos relacionados con las ciencias naturales y profundizar en ellos. Incluyen desde cuestiones de actualidad científica y social en el ámbito de las ciencias naturales, la historia de la ciencia, la biodiversidad y la naturaleza hasta disciplinas como el arte, la historia y la fotografía, entre otras. El [&hellip;]</p>
