{"id":12888,"date":"2014-10-02T10:15:43","date_gmt":"2014-10-02T10:15:43","guid":{"rendered":"http:\/\/museuciencies.cat\/?page_id=12888"},"modified":"2026-03-02T11:10:58","modified_gmt":"2026-03-02T09:10:58","slug":"horarios-y-precios","status":"publish","type":"page","link":"https:\/\/museuciencies.cat\/es\/el-nat\/las-sedes\/museo-de-ciencias-naturales-de-barcelona\/informacion-practica\/horarios-y-precios\/","title":{"rendered":"Horarios y precios"},"content":{"rendered":"<h3><strong>Horario<\/strong><\/h3>\n<p>De octubre a febrero<\/p>\n<ul>\n<li>De martes a viernes, de 10 a 17 h<\/li>\n<li>S\u00e1bado, de 10 a 19 h<\/li>\n<li>Domingos y festivos, de 10 a 20 h<\/li>\n<\/ul>\n<p>De marzo a septiembre<\/p>\n<ul>\n<li>De martes a s\u00e1bado, de 10 a 19 h<\/li>\n<li>Domingos y festivos, de 10 a 20 h<\/li>\n<\/ul>\n<p>Atenci\u00f3n: no se permite la entrada desde media hora antes del cierre.<\/p>\n<p><strong>D\u00edas de cierre<\/strong><\/p>\n<ul>\n<li>Lunes no festivos<\/li>\n<li>1 de enero, 1 de mayo, 24 de junio y 25 de diciembre<\/li>\n<\/ul>\n<h3><strong>Precios<\/strong><\/h3>\n<p><strong>Entrada normal:<\/strong><\/p>\n<ul>\n<li><span style=\"color: #000000;\">Museu de Ci\u00e8ncies Naturals<\/span>: 6 \u20ac<\/li>\n<li>Exposici\u00f3n temporal: 6,50 \u20ac<\/li>\n<li>Combinada <span style=\"color: #000000;\">Museu de Ci\u00e8ncies Naturals<\/span> \u2013 Jard\u00ed Bot\u00e0nic: 8 \u20ac<\/li>\n<li>Combinada exposici\u00f3n permanente \u00abPlaneta Vida\u00bb \u2013 exposici\u00f3n temporal: 10,50\u00a0\u20ac<\/li>\n<\/ul>\n<p><strong>Entrada reducida:<\/strong><\/p>\n<ul>\n<li><span style=\"color: #000000;\">Museu de Ci\u00e8ncies Naturals<\/span>: 2,70 \u20ac<\/li>\n<li>Exposici\u00f3n temporal: 4,50 \u20ac<\/li>\n<li>Combinada <span style=\"color: #000000;\">Museu de Ci\u00e8ncies Naturals<\/span> \u2013 Jard\u00ed Bot\u00e0nic: 4 \u20ac<\/li>\n<li>Combinada exposici\u00f3n permanente \u00abPlaneta Vida\u00bb \u2013 exposici\u00f3n temporal: 6,50\u00a0\u20ac<\/li>\n<\/ul>\n<p><strong>Entrada libre<\/strong><\/p>\n<ul>\n<li>El primer domingo de mes, todo el d\u00eda, y todos los domingos del a\u00f1o a partir de las 15 h<\/li>\n<\/ul>\n<p>Venta de entradas online en este <a href=\"https:\/\/entrades.eicub.net:8443\/muslinkIV\/index.jsp?nom_cache=ZOO&amp;property=ZOO&amp;grupActiv=2&amp;lang=2\" target=\"_blank\" rel=\"noopener\">enlace.<\/a><\/p>\n<p>Consulta m\u00e1s informaci\u00f3n sobre gratuidat y reducci\u00f3n precio entradas :<\/p>\n","protected":false},"excerpt":{"rendered":"<p>Horario De octubre a febrero De martes a viernes, de 10 a 17 h S\u00e1bado, de 10 a 19 h Domingos y festivos, de 10 a 20 h De marzo a septiembre De martes a s\u00e1bado, de 10 a 19 h Domingos y festivos, de 10 a 20 h Atenci\u00f3n: no se permite la entrada [&hellip;]<\/p>\n","protected":false},"author":3,"featured_media":0,"parent":12877,"menu_order":277,"comment_status":"closed","ping_status":"closed","template":"","meta":{"_acf_changed":false,"footnotes":""},"class_list":["post-12888","page","type-page","status-publish","hentry"],"acf":{"tambe_us_pot_interessar":"","img_cap":7993,"imatge_llistat":false,"nou_carrusel":false,"boto_de_link_o_mail":false,"arxius_adjunts":false,"links_associats":false,"presenta_fills":"no","activeu_alerta":false,"text_alerta":"","presenta_peu":false,"segona_part":"<p><strong>\u00bfQui\u00e9n disfruta de entrada reducida?<\/strong><\/p>\n<ul>\n<li>Las personas de 16 a 29 a\u00f1os<\/li>\n<li>Las personas de 65 a\u00f1os o m\u00e1s<\/li>\n<li>Las personas en paro o poseedoras de la tarjeta rosa reducida<\/li>\n<li>Las familias, con un m\u00e1ximo de dos acompa\u00f1antes adultos, siempre que como m\u00ednimo uno de ellos sea el padre, la madre o el tutor legal. Es imprescindible que haya como m\u00ednimo un miembro menor de 16 a\u00f1os<\/li>\n<li>Las personas con carnet de familia numerosa<\/li>\n<li>Las personas con carnet de familia monoparental<\/li>\n<li>Las personas con carnet de Bibliotecas de Barcelona<\/li>\n<li>Las personas con targeta Bcn Card Express.<\/li>\n<li>Los grupos de diez o m\u00e1s personas<\/li>\n<li>La adquisici\u00f3n del cat\u00e1logo de la exposici\u00f3n dar\u00e1 derecho a dos entradas reducidas.<\/li>\n<\/ul>\n<p>En todos estos casos debe acreditarse la condici\u00f3n que da derecho a la entrada reducida.<\/p>\n<p><strong>\u00bfY gratuita?<\/strong><\/p>\n<ul>\n<li>Las personas menores de diecis\u00e9is a\u00f1os<\/li>\n<li>Las personas miembros del International Council of Museums (ICOM)<\/li>\n<li>Las persones miembros de la Associaci\u00f3 de Muse\u00f2legs de Catalunya<\/li>\n<li>Las persones gu\u00edas de turismo profesionales en el ejercicio de su labor<\/li>\n<li>El profesorado de ense\u00f1anza reglada y cuando acompa\u00f1en a un grupo de estudiantes.<\/li>\n<li>Las personas poseedoras de la tarjeta rosa gratuita<\/li>\n<li>Las personas que dispongan del pase metropolitano de acompa\u00f1ante de una persona con discapacidad, o los\/las acompa\u00f1antes de personas con tarjeta acreditativa de discapacidad reconocida y que requiera el concurso de tercera persona.<\/li>\n<li>Las personas con la tarjeta acreditativa de la discapacidad de la Generalitat<\/li>\n<li>Periodistas<\/li>\n<li>Las personas poseedoras de la tarjeta BCN Card<\/li>\n<li>Las persones registradas en \u201cGaudir M\u00e9s Barcelona\u201d podr\u00e9is acceder gratuitamente a las exposiciones permanentes y temporales<\/li>\n<li>Las persones adultas acompa\u00f1antes de los ni\u00f1os y ni\u00f1as beneficiarios del \u201cQuadern Cultura\u201d. Una peersona adulta por cada ni\u00f1o o nina.<\/li>\n<li>Las personas que han hecho donaci\u00f3n de patrimonio debidamente acreditados tendr\u00e1n acceso gratuito al museu al que hayan formalizado la donaci\u00f3n.<\/li>\n<li>Las visitas concertadas de grupos de estudio para una ma\u00f1ana o tarde lectiva, con reserva pr\u00e8via al tel: 93 2562220 (dill. a div. de 9h a 13h) o al mail <a href=\"mailto:activmuseuciencies@bcn.cat\">activmuseuciencies@bcn.cat<\/a><\/li>\n<\/ul>\n<p>En todos estos casos debe acreditarse la condici\u00f3n que da derecho a la entrada reducida\/gratuita.<\/p>\n"},"jetpack_sharing_enabled":true,"_links":{"self":[{"href":"https:\/\/museuciencies.cat\/es\/wp-json\/wp\/v2\/pages\/12888","targetHints":{"allow":["GET"]}}],"collection":[{"href":"https:\/\/museuciencies.cat\/es\/wp-json\/wp\/v2\/pages"}],"about":[{"href":"https:\/\/museuciencies.cat\/es\/wp-json\/wp\/v2\/types\/page"}],"author":[{"embeddable":true,"href":"https:\/\/museuciencies.cat\/es\/wp-json\/wp\/v2\/users\/3"}],"replies":[{"embeddable":true,"href":"https:\/\/museuciencies.cat\/es\/wp-json\/wp\/v2\/comments?post=12888"}],"version-history":[{"count":5,"href":"https:\/\/museuciencies.cat\/es\/wp-json\/wp\/v2\/pages\/12888\/revisions"}],"predecessor-version":[{"id":126631,"href":"https:\/\/museuciencies.cat\/es\/wp-json\/wp\/v2\/pages\/12888\/revisions\/126631"}],"up":[{"embeddable":true,"href":"https:\/\/museuciencies.cat\/es\/wp-json\/wp\/v2\/pages\/12877"}],"wp:attachment":[{"href":"https:\/\/museuciencies.cat\/es\/wp-json\/wp\/v2\/media?parent=12888"}],"curies":[{"name":"wp","href":"https:\/\/api.w.org\/{rel}","templated":true}]}}

<h3><strong>Horario</strong></h3>
<p>De octubre a febrero</p>
<ul>
<li>De martes a viernes, de 10 a 17 h</li>
<li>Sábado, de 10 a 19 h</li>
<li>Domingos y festivos, de 10 a 20 h</li>
</ul>
<p>De marzo a septiembre</p>
<ul>
<li>De martes a sábado, de 10 a 19 h</li>
<li>Domingos y festivos, de 10 a 20 h</li>
</ul>
<p>Atención: no se permite la entrada desde media hora antes del cierre.</p>
<p><strong>Días de cierre</strong></p>
<ul>
<li>Lunes no festivos</li>
<li>1 de enero, 1 de mayo, 24 de junio y 25 de diciembre</li>
</ul>
<h3><strong>Precios</strong></h3>
<p><strong>Entrada normal:</strong></p>
<ul>
<li><span style="color: #000000;">Museu de Ciències Naturals</span>: 6 €</li>
<li>Exposición temporal: 6,50 €</li>
<li>Combinada <span style="color: #000000;">Museu de Ciències Naturals</span> – Jardí Botànic: 8 €</li>
<li>Combinada exposición permanente «Planeta Vida» – exposición temporal: 10,50 €</li>
</ul>
<p><strong>Entrada reducida:</strong></p>
<ul>
<li><span style="color: #000000;">Museu de Ciències Naturals</span>: 2,70 €</li>
<li>Exposición temporal: 4,50 €</li>
<li>Combinada <span style="color: #000000;">Museu de Ciències Naturals</span> – Jardí Botànic: 4 €</li>
<li>Combinada exposición permanente «Planeta Vida» – exposición temporal: 6,50 €</li>
</ul>
<p><strong>Entrada libre</strong></p>
<ul>
<li>El primer domingo de mes, todo el día, y todos los domingos del año a partir de las 15 h</li>
</ul>
<p>Venta de entradas online en este <a href="https://entrades.eicub.net:8443/muslinkIV/index.jsp?nom_cache=ZOO&amp;property=ZOO&amp;grupActiv=2&amp;lang=2" target="_blank" rel="noopener">enlace.</a></p>
<p>Consulta más información sobre gratuidat y reducción precio entradas :</p>

<p>Horario De octubre a febrero De martes a viernes, de 10 a 17 h Sábado, de 10 a 19 h Domingos y festivos, de 10 a 20 h De marzo a septiembre De martes a sábado, de 10 a 19 h Domingos y festivos, de 10 a 20 h Atención: no se permite la entrada [&hellip;]</p>

<p><strong>¿Quién disfruta de entrada reducida?</strong></p>
<ul>
<li>Las personas de 16 a 29 años</li>
<li>Las personas de 65 años o más</li>
<li>Las personas en paro o poseedoras de la tarjeta rosa reducida</li>
<li>Las familias, con un máximo de dos acompañantes adultos, siempre que como mínimo uno de ellos sea el padre, la madre o el tutor legal. Es imprescindible que haya como mínimo un miembro menor de 16 años</li>
<li>Las personas con carnet de familia numerosa</li>
<li>Las personas con carnet de familia monoparental</li>
<li>Las personas con carnet de Bibliotecas de Barcelona</li>
<li>Las personas con targeta Bcn Card Express.</li>
<li>Los grupos de diez o más personas</li>
<li>La adquisición del catálogo de la exposición dará derecho a dos entradas reducidas.</li>
</ul>
<p>En todos estos casos debe acreditarse la condición que da derecho a la entrada reducida.</p>
<p><strong>¿Y gratuita?</strong></p>
<ul>
<li>Las personas menores de dieciséis años</li>
<li>Las personas miembros del International Council of Museums (ICOM)</li>
<li>Las persones miembros de la Associació de Museòlegs de Catalunya</li>
<li>Las persones guías de turismo profesionales en el ejercicio de su labor</li>
<li>El profesorado de enseñanza reglada y cuando acompañen a un grupo de estudiantes.</li>
<li>Las personas poseedoras de la tarjeta rosa gratuita</li>
<li>Las personas que dispongan del pase metropolitano de acompañante de una persona con discapacidad, o los/las acompañantes de personas con tarjeta acreditativa de discapacidad reconocida y que requiera el concurso de tercera persona.</li>
<li>Las personas con la tarjeta acreditativa de la discapacidad de la Generalitat</li>
<li>Periodistas</li>
<li>Las personas poseedoras de la tarjeta BCN Card</li>
<li>Las persones registradas en “Gaudir Més Barcelona” podréis acceder gratuitamente a las exposiciones permanentes y temporales</li>
<li>Las persones adultas acompañantes de los niños y niñas beneficiarios del “Quadern Cultura”. Una peersona adulta por cada niño o nina.</li>
<li>Las personas que han hecho donación de patrimonio debidamente acreditados tendrán acceso gratuito al museu al que hayan formalizado la donación.</li>
<li>Las visitas concertadas de grupos de estudio para una mañana o tarde lectiva, con reserva prèvia al tel: 93 2562220 (dill. a div. de 9h a 13h) o al mail <a href="mailto:activmuseuciencies@bcn.cat">activmuseuciencies@bcn.cat</a></li>
</ul>
<p>En todos estos casos debe acreditarse la condición que da derecho a la entrada reducida/gratuita.</p>
