{"id":12870,"date":"2013-10-27T09:49:07","date_gmt":"2013-10-27T09:49:07","guid":{"rendered":"http:\/\/museuciencies.cat\/?page_id=12870"},"modified":"2023-01-25T10:56:47","modified_gmt":"2023-01-25T08:56:47","slug":"museo-de-ciencias-naturales-de-barcelona","status":"publish","type":"page","link":"https:\/\/museuciencies.cat\/es\/el-nat\/las-sedes\/museo-de-ciencias-naturales-de-barcelona\/","title":{"rendered":"Museu de Ci\u00e8ncies Naturals de Barcelona"},"content":{"rendered":"<p>El\u00a0<strong>Museu de Ci\u00e8ncies Naturals de Barcelona (Museo de Ciencias Naturales de Barcelona)<\/strong>\u00a0est\u00e1 situado en el parque del F\u00f3rum. Fue construido por los arquitectos <strong>Herzog &amp; de Meuron en el a\u00f1o 2004<\/strong>. Cerca del mar y del r\u00edo Bes\u00f2s, se ha convertido desde marzo de 2011 en un equipamiento abierto y din\u00e1mico, representativo y \u00fatil en el contexto de la problem\u00e1tica medioambiental actual. Ocupa 9.000 metros cuadrados distribuidos en dos plantas, con instalaciones y servicios modernos para todos los p\u00fablicos que se estructuran en torno a un vest\u00edbulo de libre acceso que es el punto de partida y llegada de todos los programas y servicios del Museo: la exposici\u00f3n permanente \u00ab<a href=\"\/es\/el-nat\/las-sedes\/museo-de-ciencias-naturales-de-barcelona\/exposicion-planeta-vida\/\" target=\"_blank\" rel=\"noopener noreferrer\">Planeta Vida\u00bb<\/a>,\u00a0los espacios para\u00a0<a href=\"\/es\/el-nat\/las-sedes\/museo-de-ciencias-naturales-de-barcelona\/exposiciones-temporales\/\" target=\"_blank\" rel=\"noopener noreferrer\">exposiciones temporales<\/a>, la\u00a0<a href=\"\/es\/el-nat\/las-sedes\/museo-de-ciencias-naturales-de-barcelona\/servicios-para-el-visitante\/mediateca\/\" target=\"_blank\" rel=\"noopener noreferrer\">Mediateca<\/a><strong>,\u00a0<\/strong>el<strong>\u00a0<\/strong><a href=\"\/es\/el-nat\/las-sedes\/museo-de-ciencias-naturales-de-barcelona\/servicios-para-el-visitante\/nido-de-ciencia\/\" target=\"_blank\" rel=\"noopener noreferrer\">Nido de Ciencia<\/a> para ni\u00f1os de 0-6 a\u00f1os, las aulas, la sala de actos Ram\u00f3n Margalef y los talleres.<\/p>\n<p>Desc\u00e1rgate el <a href=\"https:\/\/museuciencies.cat\/wp-content\/uploads\/2021\/11\/FOLLETO-BIENVENIDA-1.pdf\" target=\"_blank\" rel=\"noopener\">Folleto del Museo<\/a>.<\/p>\n","protected":false},"excerpt":{"rendered":"<p>El\u00a0Museu de Ci\u00e8ncies Naturals de Barcelona (Museo de Ciencias Naturales de Barcelona)\u00a0est\u00e1 situado en el parque del F\u00f3rum. Fue construido por los arquitectos Herzog &amp; de Meuron en el a\u00f1o 2004. Cerca del mar y del r\u00edo Bes\u00f2s, se ha convertido desde marzo de 2011 en un equipamiento abierto y din\u00e1mico, representativo y \u00fatil en [&hellip;]<\/p>\n","protected":false},"author":3,"featured_media":0,"parent":45481,"menu_order":322,"comment_status":"closed","ping_status":"closed","template":"page-amb-mapa.php","meta":{"_acf_changed":false,"footnotes":""},"class_list":["post-12870","page","type-page","status-publish","hentry"],"acf":{"activeu_alerta":false,"text_alerta":"","link_manual":"","text_del_link":"","imatge_del_link":false,"logo":false,"boto_de_link_o_mail":false,"espai_museu":"2","imatge_llistat":false,"img_cap":8093,"map":"museu blau|41.410789,2.2206539999999677","nivell_de_zoom":"15","nou_carrusel":false,"tambe_us_pot_interessar":"","text-entradeta":"<span>Bien<\/span><span>ve<\/span><span>nidos<\/span>","visible":true,"presenta_peu":false,"arxius_adjunts":false,"links_associats":false,"presenta_fills":"no","segona_part":""},"jetpack_sharing_enabled":true,"_links":{"self":[{"href":"https:\/\/museuciencies.cat\/es\/wp-json\/wp\/v2\/pages\/12870","targetHints":{"allow":["GET"]}}],"collection":[{"href":"https:\/\/museuciencies.cat\/es\/wp-json\/wp\/v2\/pages"}],"about":[{"href":"https:\/\/museuciencies.cat\/es\/wp-json\/wp\/v2\/types\/page"}],"author":[{"embeddable":true,"href":"https:\/\/museuciencies.cat\/es\/wp-json\/wp\/v2\/users\/3"}],"replies":[{"embeddable":true,"href":"https:\/\/museuciencies.cat\/es\/wp-json\/wp\/v2\/comments?post=12870"}],"version-history":[{"count":0,"href":"https:\/\/museuciencies.cat\/es\/wp-json\/wp\/v2\/pages\/12870\/revisions"}],"up":[{"embeddable":true,"href":"https:\/\/museuciencies.cat\/es\/wp-json\/wp\/v2\/pages\/45481"}],"wp:attachment":[{"href":"https:\/\/museuciencies.cat\/es\/wp-json\/wp\/v2\/media?parent=12870"}],"curies":[{"name":"wp","href":"https:\/\/api.w.org\/{rel}","templated":true}]}}

Museu de Ciències Naturals de Barcelona

<p>El <strong>Museu de Ciències Naturals de Barcelona (Museo de Ciencias Naturales de Barcelona)</strong> está situado en el parque del Fórum. Fue construido por los arquitectos <strong>Herzog &amp; de Meuron en el año 2004</strong>. Cerca del mar y del río Besòs, se ha convertido desde marzo de 2011 en un equipamiento abierto y dinámico, representativo y útil en el contexto de la problemática medioambiental actual. Ocupa 9.000 metros cuadrados distribuidos en dos plantas, con instalaciones y servicios modernos para todos los públicos que se estructuran en torno a un vestíbulo de libre acceso que es el punto de partida y llegada de todos los programas y servicios del Museo: la exposición permanente «<a href="/es/el-nat/las-sedes/museo-de-ciencias-naturales-de-barcelona/exposicion-planeta-vida/" target="_blank" rel="noopener noreferrer">Planeta Vida»</a>, los espacios para <a href="/es/el-nat/las-sedes/museo-de-ciencias-naturales-de-barcelona/exposiciones-temporales/" target="_blank" rel="noopener noreferrer">exposiciones temporales</a>, la <a href="/es/el-nat/las-sedes/museo-de-ciencias-naturales-de-barcelona/servicios-para-el-visitante/mediateca/" target="_blank" rel="noopener noreferrer">Mediateca</a><strong>, </strong>el<strong> </strong><a href="/es/el-nat/las-sedes/museo-de-ciencias-naturales-de-barcelona/servicios-para-el-visitante/nido-de-ciencia/" target="_blank" rel="noopener noreferrer">Nido de Ciencia</a> para niños de 0-6 años, las aulas, la sala de actos Ramón Margalef y los talleres.</p>
<p>Descárgate el <a href="https://museuciencies.cat/wp-content/uploads/2021/11/FOLLETO-BIENVENIDA-1.pdf" target="_blank" rel="noopener">Folleto del Museo</a>.</p>

<p>El Museu de Ciències Naturals de Barcelona (Museo de Ciencias Naturales de Barcelona) está situado en el parque del Fórum. Fue construido por los arquitectos Herzog &amp; de Meuron en el año 2004. Cerca del mar y del río Besòs, se ha convertido desde marzo de 2011 en un equipamiento abierto y dinámico, representativo y útil en [&hellip;]</p>
