{"id":120394,"date":"2013-04-02T09:00:58","date_gmt":"2013-04-02T09:00:58","guid":{"rendered":"https:\/\/museuciencies.cat\/el-nat\/las-sedes\/jardin-botanico-historico\/informacio-practica\/"},"modified":"2025-05-20T09:50:12","modified_gmt":"2025-05-20T07:50:12","slug":"informacio-practica","status":"publish","type":"page","link":"https:\/\/museuciencies.cat\/es\/el-nat\/las-sedes\/jardin-botanico-historico\/informacio-practica\/","title":{"rendered":"Informaci\u00f3n pr\u00e1ctica"},"content":{"rendered":"<h3>\u00bfC\u00f3mo llegar?<\/h3>\n<p><strong>Bus<\/strong><\/p>\n<ul>\n<li>150 (Estadi Ol\u00edmpic de Montju\u00efc-MNAC)<\/li>\n<li>55 (Museu Nacional-Museu Etnol\u00f2gic)<\/li>\n<\/ul>\n<p><strong>Metro<\/strong><\/p>\n<p>L1\u00a0y\u00a0L3\u00a0plaza Espanya. En la avenida Maria Cristina, ascender por las escaleras mec\u00e1nicas que van hacia el Museu Nacional d&#8217;Art de Catalunya\u00a0(MNAC). La entrada al Jard\u00ed se encuentra detr\u00e1s del aparcamiento del Museo, junto a las escaleras mec\u00e1nicas que rodean el monumento a Francesc Ferrer i Gu\u00e0rdia.<\/p>\n<p><strong>Coche<\/strong><\/p>\n<p>El acceso al Jard\u00ed en coche se efect\u00faa por la avenida Muntanyans, detr\u00e1s del aparcamiento del MNAC.<\/p>\n<h3><span style=\"color: #000000;\">Horarios<\/span><\/h3>\n<p>Todos los d\u00edas:<\/p>\n<ul>\n<li>Noviembre, diciembre, enero: de 10 a 17 h<\/li>\n<li>Febrero, marzo: de 10 a 18 h<\/li>\n<li>Abril, mayo, septiembre, octubre: de 10 a 19 h<\/li>\n<li>Junio, julio, agosto: de 10 a 20 h<\/li>\n<\/ul>\n<p>Atenci\u00f3n: no se permite la entrada desde media hora antes del cierre.<\/p>\n<p><strong>D\u00edas de cierre<\/strong><\/p>\n<ul>\n<li>1 de enero, 1 de mayo, 24 de junio y 25 de diciembre<\/li>\n<\/ul>\n<h3>Precios<\/h3>\n<p>Entrada gratuita<\/p>\n<h3>Accessibilidad<\/h3>\n<p>Este espacio no est\u00e1 adaptado.<\/p>\n<h3>Actividades<\/h3>\n<p>Consulta la <a href=\"http:\/\/agenda.museuciencies.cat\" target=\"_blank\" rel=\"noopener noreferrer\">agenda<\/a> para estar al d\u00eda de las actividades que se organizan en el Jard\u00edn.<\/p>\n","protected":false},"excerpt":{"rendered":"<p>\u00bfC\u00f3mo llegar? Bus 150 (Estadi Ol\u00edmpic de Montju\u00efc-MNAC) 55 (Museu Nacional-Museu Etnol\u00f2gic) Metro L1\u00a0y\u00a0L3\u00a0plaza Espanya. En la avenida Maria Cristina, ascender por las escaleras mec\u00e1nicas que van hacia el Museu Nacional d&#8217;Art de Catalunya\u00a0(MNAC). La entrada al Jard\u00ed se encuentra detr\u00e1s del aparcamiento del Museo, junto a las escaleras mec\u00e1nicas que rodean el monumento a [&hellip;]<\/p>\n","protected":false},"author":2,"featured_media":0,"parent":14861,"menu_order":246,"comment_status":"closed","ping_status":"closed","template":"","meta":{"_acf_changed":false,"footnotes":""},"class_list":["post-120394","page","type-page","status-publish","hentry"],"acf":{"boto_de_link_o_mail":false,"imatge_llistat":false,"activeu_alerta":false,"text_alerta":"","tambe_us_pot_interessar":"","img_cap":8260,"nou_carrusel":false,"presenta_fills":"no","links_associats":false,"arxius_adjunts":false,"presenta_peu":false,"segona_part":""},"jetpack_sharing_enabled":true,"_links":{"self":[{"href":"https:\/\/museuciencies.cat\/es\/wp-json\/wp\/v2\/pages\/120394","targetHints":{"allow":["GET"]}}],"collection":[{"href":"https:\/\/museuciencies.cat\/es\/wp-json\/wp\/v2\/pages"}],"about":[{"href":"https:\/\/museuciencies.cat\/es\/wp-json\/wp\/v2\/types\/page"}],"author":[{"embeddable":true,"href":"https:\/\/museuciencies.cat\/es\/wp-json\/wp\/v2\/users\/2"}],"replies":[{"embeddable":true,"href":"https:\/\/museuciencies.cat\/es\/wp-json\/wp\/v2\/comments?post=120394"}],"version-history":[{"count":1,"href":"https:\/\/museuciencies.cat\/es\/wp-json\/wp\/v2\/pages\/120394\/revisions"}],"predecessor-version":[{"id":120395,"href":"https:\/\/museuciencies.cat\/es\/wp-json\/wp\/v2\/pages\/120394\/revisions\/120395"}],"up":[{"embeddable":true,"href":"https:\/\/museuciencies.cat\/es\/wp-json\/wp\/v2\/pages\/14861"}],"wp:attachment":[{"href":"https:\/\/museuciencies.cat\/es\/wp-json\/wp\/v2\/media?parent=120394"}],"curies":[{"name":"wp","href":"https:\/\/api.w.org\/{rel}","templated":true}]}}

Información práctica

<h3>¿Cómo llegar?</h3>
<p><strong>Bus</strong></p>
<ul>
<li>150 (Estadi Olímpic de Montjuïc-MNAC)</li>
<li>55 (Museu Nacional-Museu Etnològic)</li>
</ul>
<p><strong>Metro</strong></p>
<p>L1 y L3 plaza Espanya. En la avenida Maria Cristina, ascender por las escaleras mecánicas que van hacia el Museu Nacional d&#8217;Art de Catalunya (MNAC). La entrada al Jardí se encuentra detrás del aparcamiento del Museo, junto a las escaleras mecánicas que rodean el monumento a Francesc Ferrer i Guàrdia.</p>
<p><strong>Coche</strong></p>
<p>El acceso al Jardí en coche se efectúa por la avenida Muntanyans, detrás del aparcamiento del MNAC.</p>
<h3><span style="color: #000000;">Horarios</span></h3>
<p>Todos los días:</p>
<ul>
<li>Noviembre, diciembre, enero: de 10 a 17 h</li>
<li>Febrero, marzo: de 10 a 18 h</li>
<li>Abril, mayo, septiembre, octubre: de 10 a 19 h</li>
<li>Junio, julio, agosto: de 10 a 20 h</li>
</ul>
<p>Atención: no se permite la entrada desde media hora antes del cierre.</p>
<p><strong>Días de cierre</strong></p>
<ul>
<li>1 de enero, 1 de mayo, 24 de junio y 25 de diciembre</li>
</ul>
<h3>Precios</h3>
<p>Entrada gratuita</p>
<h3>Accessibilidad</h3>
<p>Este espacio no está adaptado.</p>
<h3>Actividades</h3>
<p>Consulta la <a href="http://agenda.museuciencies.cat" target="_blank" rel="noopener noreferrer">agenda</a> para estar al día de las actividades que se organizan en el Jardín.</p>

<p>¿Cómo llegar? Bus 150 (Estadi Olímpic de Montjuïc-MNAC) 55 (Museu Nacional-Museu Etnològic) Metro L1 y L3 plaza Espanya. En la avenida Maria Cristina, ascender por las escaleras mecánicas que van hacia el Museu Nacional d&#8217;Art de Catalunya (MNAC). La entrada al Jardí se encuentra detrás del aparcamiento del Museo, junto a las escaleras mecánicas que rodean el monumento a [&hellip;]</p>
